{"id":2403,"date":"2024-12-20T12:45:02","date_gmt":"2024-12-20T11:45:02","guid":{"rendered":"https:\/\/owin6g.eu\/?page_id=2403"},"modified":"2025-11-25T15:03:06","modified_gmt":"2025-11-25T14:03:06","slug":"christos-giachoudis-dc7","status":"publish","type":"page","link":"https:\/\/owin6g.eu\/?page_id=2403","title":{"rendered":"Christos Giachoudis (DC7)"},"content":{"rendered":"\t\t<div data-elementor-type=\"wp-page\" data-elementor-id=\"2403\" class=\"elementor elementor-2403\">\n\t\t\t\t\t\t<section class=\"elementor-section elementor-top-section elementor-element elementor-element-eb1ef3e elementor-section-boxed elementor-section-height-default elementor-section-height-default\" data-id=\"eb1ef3e\" data-element_type=\"section\" data-e-type=\"section\" data-settings=\"{&quot;background_background&quot;:&quot;classic&quot;}\">\n\t\t\t\t\t\t<div class=\"elementor-container elementor-column-gap-default\">\n\t\t\t\t\t<div class=\"elementor-column elementor-col-33 elementor-top-column elementor-element elementor-element-7931535\" data-id=\"7931535\" data-element_type=\"column\" data-e-type=\"column\" data-settings=\"{&quot;background_background&quot;:&quot;classic&quot;}\">\n\t\t\t<div class=\"elementor-widget-wrap elementor-element-populated\">\n\t\t\t\t\t\t<div class=\"elementor-element elementor-element-a8292c5 elementor-widget elementor-widget-image\" data-id=\"a8292c5\" data-element_type=\"widget\" data-e-type=\"widget\" data-widget_type=\"image.default\">\n\t\t\t\t<div class=\"elementor-widget-container\">\n\t\t\t\t\t\t\t\t\t\t\t\t\t\t\t<img decoding=\"async\" src=\"https:\/\/owin6g.eu\/wp-content\/uploads\/elementor\/thumbs\/R5-5-min-Christos-Giachoudis-r66n0i69m36en2xo51vm376mvyyodk3h4oui1xnjyo.jpg\" title=\"R5-5-min &#8211; Christos Giachoudis\" alt=\"R5-5-min - Christos Giachoudis\" loading=\"lazy\" \/>\t\t\t\t\t\t\t\t\t\t\t\t\t\t\t<\/div>\n\t\t\t\t<\/div>\n\t\t\t\t<div class=\"elementor-element elementor-element-b6706a8 elementor-shape-rounded elementor-grid-0 e-grid-align-center elementor-widget elementor-widget-social-icons\" data-id=\"b6706a8\" data-element_type=\"widget\" data-e-type=\"widget\" data-widget_type=\"social-icons.default\">\n\t\t\t\t<div class=\"elementor-widget-container\">\n\t\t\t\t\t\t\t<div class=\"elementor-social-icons-wrapper elementor-grid\" role=\"list\">\n\t\t\t\t\t\t\t<span class=\"elementor-grid-item\" role=\"listitem\">\n\t\t\t\t\t<a class=\"elementor-icon elementor-social-icon elementor-social-icon-linkedin elementor-repeater-item-835bd4c\" href=\"https:\/\/www.linkedin.com\/in\/christos-giachoudis-26a168271\" target=\"_blank\">\n\t\t\t\t\t\t<span class=\"elementor-screen-only\">Linkedin<\/span>\n\t\t\t\t\t\t<i aria-hidden=\"true\" class=\"fab fa-linkedin\"><\/i>\t\t\t\t\t<\/a>\n\t\t\t\t<\/span>\n\t\t\t\t\t\t\t<span class=\"elementor-grid-item\" role=\"listitem\">\n\t\t\t\t\t<a class=\"elementor-icon elementor-social-icon elementor-social-icon-researchgate elementor-repeater-item-4f84633\" href=\"https:\/\/www.researchgate.net\/profile\/Christos-Giachoudis\" target=\"_blank\">\n\t\t\t\t\t\t<span class=\"elementor-screen-only\">Researchgate<\/span>\n\t\t\t\t\t\t<i aria-hidden=\"true\" class=\"fab fa-researchgate\"><\/i>\t\t\t\t\t<\/a>\n\t\t\t\t<\/span>\n\t\t\t\t\t\t\t<span class=\"elementor-grid-item\" role=\"listitem\">\n\t\t\t\t\t<a class=\"elementor-icon elementor-social-icon elementor-social-icon-google elementor-repeater-item-734573b\" href=\"https:\/\/scholar.google.com\/citations?user=VXO3Ww8AAAAJ&#038;hl=el\" target=\"_blank\">\n\t\t\t\t\t\t<span class=\"elementor-screen-only\">Google<\/span>\n\t\t\t\t\t\t<i aria-hidden=\"true\" class=\"fab fa-google\"><\/i>\t\t\t\t\t<\/a>\n\t\t\t\t<\/span>\n\t\t\t\t\t<\/div>\n\t\t\t\t\t\t<\/div>\n\t\t\t\t<\/div>\n\t\t\t\t\t<\/div>\n\t\t<\/div>\n\t\t\t\t<div class=\"elementor-column elementor-col-66 elementor-top-column elementor-element elementor-element-f524a56\" data-id=\"f524a56\" data-element_type=\"column\" data-e-type=\"column\">\n\t\t\t<div class=\"elementor-widget-wrap elementor-element-populated\">\n\t\t\t\t\t\t<div class=\"elementor-element elementor-element-d020ec4 elementor-widget elementor-widget-text-editor\" data-id=\"d020ec4\" data-element_type=\"widget\" data-e-type=\"widget\" data-widget_type=\"text-editor.default\">\n\t\t\t\t<div class=\"elementor-widget-container\">\n\t\t\t\t\t\t\t\t\t<h2>High-reliability and energy-efficient scheduling and routing for medical body-area networks<\/h2>\t\t\t\t\t\t\t\t<\/div>\n\t\t\t\t<\/div>\n\t\t\t\t<div class=\"elementor-element elementor-element-756dfaf elementor-widget elementor-widget-heading\" data-id=\"756dfaf\" data-element_type=\"widget\" data-e-type=\"widget\" data-widget_type=\"heading.default\">\n\t\t\t\t<div class=\"elementor-widget-container\">\n\t\t\t\t\t<h3 class=\"elementor-heading-title elementor-size-default\">Current work<\/h3>\t\t\t\t<\/div>\n\t\t\t\t<\/div>\n\t\t\t\t<div class=\"elementor-element elementor-element-fa15c0a elementor-widget elementor-widget-text-editor\" data-id=\"fa15c0a\" data-element_type=\"widget\" data-e-type=\"widget\" data-widget_type=\"text-editor.default\">\n\t\t\t\t<div class=\"elementor-widget-container\">\n\t\t\t\t\t\t\t\t\t<p>Ensuring high reliability wireless connections between the medical sensors and an access point, and improving nodes\u2019 energy consumption by exploring MAC layer protocol solutions. Designing of a proof-of-concept demonstration for an optical wireless body area network.<\/p><p><strong>Supervisor: <\/strong>Dr. Ali Khalighi<\/p><p><strong>Co-Supervisors:<\/strong> Prof. Stanislav Zvanovec<\/p>\t\t\t\t\t\t\t\t<\/div>\n\t\t\t\t<\/div>\n\t\t\t\t\t<\/div>\n\t\t<\/div>\n\t\t\t\t\t<\/div>\n\t\t<\/section>\n\t\t\t\t<section class=\"elementor-section elementor-top-section elementor-element elementor-element-de63952 elementor-section-boxed elementor-section-height-default elementor-section-height-default\" data-id=\"de63952\" data-element_type=\"section\" data-e-type=\"section\" data-settings=\"{&quot;background_background&quot;:&quot;classic&quot;}\">\n\t\t\t\t\t\t<div class=\"elementor-container elementor-column-gap-default\">\n\t\t\t\t\t<div class=\"elementor-column elementor-col-50 elementor-top-column elementor-element elementor-element-3c4fce9\" data-id=\"3c4fce9\" data-element_type=\"column\" data-e-type=\"column\">\n\t\t\t<div class=\"elementor-widget-wrap elementor-element-populated\">\n\t\t\t\t\t\t<div class=\"elementor-element elementor-element-d37b92e elementor-widget elementor-widget-heading\" data-id=\"d37b92e\" data-element_type=\"widget\" data-e-type=\"widget\" data-widget_type=\"heading.default\">\n\t\t\t\t<div class=\"elementor-widget-container\">\n\t\t\t\t\t<h2 class=\"elementor-heading-title elementor-size-default\">List of publications<\/h2>\t\t\t\t<\/div>\n\t\t\t\t<\/div>\n\t\t\t\t<div class=\"elementor-element elementor-element-7455659 elementor-widget elementor-widget-text-editor\" data-id=\"7455659\" data-element_type=\"widget\" data-e-type=\"widget\" data-widget_type=\"text-editor.default\">\n\t\t\t\t<div class=\"elementor-widget-container\">\n\t\t\t\t\t\t\t\t\t<div class=\"ewa-rteLine\">A. Pouralizadeh, S. Maravanchery Mana, K. Lennert Bober, V. Jungnickel, A. Tonello, C. Giachoudis, A. Khalighi, \u201c<a href=\"https:\/\/www.researchgate.net\/publication\/393769443_Characterization_of_LiFi-over-Powerline_Channels_for_Industrial_Internet-of-Things_Applications\"><strong>Characterization of LiFi-over-Powerline Channels for Industrial Internet-of-Things Applications<\/strong><\/a>\u201d, WFCS conference, Rostock, Germany, June, 2025, DOI: <a href=\"https:\/\/doi.org\/10.1109\/WFCS63373.2025.11077623\">10.1109\/WFCS63373.2025.11077623<\/a><\/div>\t\t\t\t\t\t\t\t<\/div>\n\t\t\t\t<\/div>\n\t\t\t\t<div class=\"elementor-element elementor-element-7f2a611 elementor-widget elementor-widget-text-editor\" data-id=\"7f2a611\" data-element_type=\"widget\" data-e-type=\"widget\" data-widget_type=\"text-editor.default\">\n\t\t\t\t<div class=\"elementor-widget-container\">\n\t\t\t\t\t\t\t\t\t<div class=\"ewa-rteLine\">C. Giachoudis, M.-A. Khalighi, S. Zvanovec, V. K. Papanikolaou, S. A. Tegos, G. K. Karagiannidis, \u201c<a href=\"https:\/\/www.researchgate.net\/publication\/382562143_Investigation_of_Suitable_MAC_Protocols_for_Optical_Wireless_Body-Area_Networks\"><strong>Investigation of Suitable MAC Protocols for Optical Wireless Body-Area Networks<\/strong><\/a>,\u201d Proc. 14th International Symposium on Communication Systems, Networks and Digital Signal Processing &#8211; CSNDSP 2024, July 2024, Rome, Italy.\u00a0DOI: <a href=\"http:\/\/dx.doi.org\/10.1109\/CSNDSP60683.2024.10636608\">10.1109\/CSNDSP60683.2024.10636608<\/a><\/div>\t\t\t\t\t\t\t\t<\/div>\n\t\t\t\t<\/div>\n\t\t\t\t<div class=\"elementor-element elementor-element-fc3f268 elementor-widget elementor-widget-text-editor\" data-id=\"fc3f268\" data-element_type=\"widget\" data-e-type=\"widget\" data-widget_type=\"text-editor.default\">\n\t\t\t\t<div class=\"elementor-widget-container\">\n\t\t\t\t\t\t\t\t\t<div class=\"ewa-rteLine\">C. Giachoudis, K. G. Rallis, V. K. Papanikolaou, S. A. Tegos, P. D. Diamantoulakis, M.-A. Khalighi, R. Schober, and G. K. Karagiannidis, \u201c<a href=\"https:\/\/www.researchgate.net\/publication\/381311038_On_the_Application_of_Slotted-ALOHA_in_Optical_Wireless_Body-Area_Networks\"><strong>On the application of Slotted-ALOHA in optical wireless body-area networks<\/strong><\/a>,\u201d Proc. International Balkan Conference on Communications and Networking (BalkanCom), June 2024, Ljubljana, Slovenia. DOI: <a href=\"http:\/\/10.1109\/BalkanCom61808.2024.10557166\">10.1109\/BalkanCom61808.2024.10557166<\/a><\/div>\t\t\t\t\t\t\t\t<\/div>\n\t\t\t\t<\/div>\n\t\t\t\t<div class=\"elementor-element elementor-element-6d12fda elementor-widget elementor-widget-text-editor\" data-id=\"6d12fda\" data-element_type=\"widget\" data-e-type=\"widget\" data-widget_type=\"text-editor.default\">\n\t\t\t\t<div class=\"elementor-widget-container\">\n\t\t\t\t\t\t\t\t\t<div class=\"ewa-rteLine\">S. K. Modalavalasa et al., &#8220;<strong><a href=\"https:\/\/www.researchgate.net\/publication\/383377164_Evolution_of_OWC_A_Collaborative_Contour_Across_Various_Sectors\">Evolution of OWC: A Collaborative Contour Across Various Sectors<\/a>,<\/strong>&#8221; 2024 14th International Symposium on Communication Systems, Networks and Digital Signal Processing (CSNDSP), Rome, Italy, 2024, pp. 238-243.\u00a0DOI: <a href=\"https:\/\/doi.org\/10.1109\/CSNDSP60683.2024.10636621\">10.1109\/CSNDSP60683.2024.10636621<\/a><\/div>\t\t\t\t\t\t\t\t<\/div>\n\t\t\t\t<\/div>\n\t\t\t\t\t<\/div>\n\t\t<\/div>\n\t\t\t\t<div class=\"elementor-column elementor-col-50 elementor-top-column elementor-element elementor-element-e829b57\" data-id=\"e829b57\" data-element_type=\"column\" data-e-type=\"column\">\n\t\t\t<div class=\"elementor-widget-wrap elementor-element-populated\">\n\t\t\t\t\t\t<div class=\"elementor-element elementor-element-55e8460 elementor-widget elementor-widget-heading\" data-id=\"55e8460\" data-element_type=\"widget\" data-e-type=\"widget\" data-widget_type=\"heading.default\">\n\t\t\t\t<div class=\"elementor-widget-container\">\n\t\t\t\t\t<h2 class=\"elementor-heading-title elementor-size-default\">Recruited at:<\/h2>\t\t\t\t<\/div>\n\t\t\t\t<\/div>\n\t\t\t\t<div class=\"elementor-element elementor-element-c0d8468 elementor-widget elementor-widget-image\" data-id=\"c0d8468\" data-element_type=\"widget\" data-e-type=\"widget\" data-widget_type=\"image.default\">\n\t\t\t\t<div class=\"elementor-widget-container\">\n\t\t\t\t\t\t\t\t\t\t\t\t\t\t\t<img decoding=\"async\" src=\"https:\/\/owin6g.eu\/wp-content\/uploads\/elementor\/thumbs\/ECM_white-qsu7lxqndtd1n1p916ozs5fmfilf5f2fyqic2d2w74.png\" title=\"ECM_white\" alt=\"ECM_white\" loading=\"lazy\" \/>\t\t\t\t\t\t\t\t\t\t\t\t\t\t\t<\/div>\n\t\t\t\t<\/div>\n\t\t\t\t\t<\/div>\n\t\t<\/div>\n\t\t\t\t\t<\/div>\n\t\t<\/section>\n\t\t\t\t<section class=\"elementor-section elementor-top-section elementor-element elementor-element-b6175b1 elementor-section-boxed elementor-section-height-default elementor-section-height-default\" data-id=\"b6175b1\" data-element_type=\"section\" data-e-type=\"section\">\n\t\t\t\t\t\t<div class=\"elementor-container elementor-column-gap-default\">\n\t\t\t\t\t<div class=\"elementor-column elementor-col-100 elementor-top-column elementor-element elementor-element-9b73e37\" data-id=\"9b73e37\" data-element_type=\"column\" data-e-type=\"column\">\n\t\t\t<div class=\"elementor-widget-wrap elementor-element-populated\">\n\t\t\t\t\t\t<div class=\"elementor-element elementor-element-8248236 elementor-widget-divider--view-line elementor-widget elementor-widget-divider\" data-id=\"8248236\" data-element_type=\"widget\" data-e-type=\"widget\" data-widget_type=\"divider.default\">\n\t\t\t\t<div class=\"elementor-widget-container\">\n\t\t\t\t\t\t\t<div class=\"elementor-divider\">\n\t\t\t<span class=\"elementor-divider-separator\">\n\t\t\t\t\t\t<\/span>\n\t\t<\/div>\n\t\t\t\t\t\t<\/div>\n\t\t\t\t<\/div>\n\t\t\t\t\t<\/div>\n\t\t<\/div>\n\t\t\t\t\t<\/div>\n\t\t<\/section>\n\t\t\t\t<section class=\"elementor-section elementor-top-section elementor-element elementor-element-b6a2417 elementor-section-boxed elementor-section-height-default elementor-section-height-default\" data-id=\"b6a2417\" data-element_type=\"section\" data-e-type=\"section\">\n\t\t\t\t\t\t<div class=\"elementor-container elementor-column-gap-default\">\n\t\t\t\t\t<div class=\"elementor-column elementor-col-100 elementor-top-column elementor-element elementor-element-53b58db\" data-id=\"53b58db\" data-element_type=\"column\" data-e-type=\"column\">\n\t\t\t<div class=\"elementor-widget-wrap elementor-element-populated\">\n\t\t\t\t\t\t<div class=\"elementor-element elementor-element-625c6bc elementor-widget elementor-widget-heading\" data-id=\"625c6bc\" data-element_type=\"widget\" data-e-type=\"widget\" data-widget_type=\"heading.default\">\n\t\t\t\t<div class=\"elementor-widget-container\">\n\t\t\t\t\t<h2 class=\"elementor-heading-title elementor-size-default\">Background<\/h2>\t\t\t\t<\/div>\n\t\t\t\t<\/div>\n\t\t\t\t<div class=\"elementor-element elementor-element-577f842 elementor-widget elementor-widget-text-editor\" data-id=\"577f842\" data-element_type=\"widget\" data-e-type=\"widget\" data-widget_type=\"text-editor.default\">\n\t\t\t\t<div class=\"elementor-widget-container\">\n\t\t\t\t\t\t\t\t\t<p>I hold an Integrated Master\u2019s degree in Electrical and Computer Engineering from the Aristotle University of Thessaloniki (AUTH), which I completed between September 2018 and July 2023. During my studies, I developed a strong interest in optical communication systems, which led me toward the field of wireless body area networks.<\/p><p>Since September 2023, I have been pursuing a Ph.D. at \u00c9cole Centrale M\u00e9diterran\u00e9e as part of a Marie Sk\u0142odowska-Curie Actions (MSCA) project OWIN6G, where my research focuses on optical WBANs. My current work involves designing, modeling, and optimizing optical wireless communication systems for patient monitoring applications, with an emphasis on MAC layer solutions for improved energy consumption, while achieving a certain level of communication reliability.<\/p><p>I am interested in interdisciplinary research and always keen to deepen my understanding of diverse technologies, while contributing to collaborative academic environments.<\/p>\t\t\t\t\t\t\t\t<\/div>\n\t\t\t\t<\/div>\n\t\t\t\t\t<\/div>\n\t\t<\/div>\n\t\t\t\t\t<\/div>\n\t\t<\/section>\n\t\t\t\t<\/div>\n\t\t","protected":false},"excerpt":{"rendered":"<p>Linkedin Researchgate Google High-reliability and energy-efficient scheduling and routing for medical body-area networks Current work Ensuring high reliability wireless connections between the medical sensors and an access point, and improving nodes\u2019 energy consumption by exploring MAC layer protocol solutions. Designing of a proof-of-concept demonstration for an optical wireless body area network. Supervisor: Dr. Ali Khalighi [&hellip;]<\/p>\n","protected":false},"author":2,"featured_media":0,"parent":294,"menu_order":7,"comment_status":"closed","ping_status":"closed","template":"elementor_header_footer","meta":{"ocean_post_layout":"full-width","ocean_both_sidebars_style":"","ocean_both_sidebars_content_width":0,"ocean_both_sidebars_sidebars_width":0,"ocean_sidebar":"0","ocean_second_sidebar":"0","ocean_disable_margins":"enable","ocean_add_body_class":"","ocean_shortcode_before_top_bar":"","ocean_shortcode_after_top_bar":"","ocean_shortcode_before_header":"","ocean_shortcode_after_header":"","ocean_has_shortcode":"","ocean_shortcode_after_title":"","ocean_shortcode_before_footer_widgets":"","ocean_shortcode_after_footer_widgets":"","ocean_shortcode_before_footer_bottom":"","ocean_shortcode_after_footer_bottom":"","ocean_display_top_bar":"default","ocean_display_header":"default","ocean_header_style":"","ocean_center_header_left_menu":"0","ocean_custom_header_template":"0","ocean_custom_logo":0,"ocean_custom_retina_logo":0,"ocean_custom_logo_max_width":0,"ocean_custom_logo_tablet_max_width":0,"ocean_custom_logo_mobile_max_width":0,"ocean_custom_logo_max_height":0,"ocean_custom_logo_tablet_max_height":0,"ocean_custom_logo_mobile_max_height":0,"ocean_header_custom_menu":"0","ocean_menu_typo_font_family":"0","ocean_menu_typo_font_subset":"","ocean_menu_typo_font_size":0,"ocean_menu_typo_font_size_tablet":0,"ocean_menu_typo_font_size_mobile":0,"ocean_menu_typo_font_size_unit":"px","ocean_menu_typo_font_weight":"","ocean_menu_typo_font_weight_tablet":"","ocean_menu_typo_font_weight_mobile":"","ocean_menu_typo_transform":"","ocean_menu_typo_transform_tablet":"","ocean_menu_typo_transform_mobile":"","ocean_menu_typo_line_height":0,"ocean_menu_typo_line_height_tablet":0,"ocean_menu_typo_line_height_mobile":0,"ocean_menu_typo_line_height_unit":"","ocean_menu_typo_spacing":0,"ocean_menu_typo_spacing_tablet":0,"ocean_menu_typo_spacing_mobile":0,"ocean_menu_typo_spacing_unit":"","ocean_menu_link_color":"","ocean_menu_link_color_hover":"","ocean_menu_link_color_active":"","ocean_menu_link_background":"","ocean_menu_link_hover_background":"","ocean_menu_link_active_background":"","ocean_menu_social_links_bg":"","ocean_menu_social_hover_links_bg":"","ocean_menu_social_links_color":"","ocean_menu_social_hover_links_color":"","ocean_disable_title":"default","ocean_disable_heading":"default","ocean_post_title":"","ocean_post_subheading":"","ocean_post_title_style":"","ocean_post_title_background_color":"","ocean_post_title_background":0,"ocean_post_title_bg_image_position":"","ocean_post_title_bg_image_attachment":"","ocean_post_title_bg_image_repeat":"","ocean_post_title_bg_image_size":"","ocean_post_title_height":0,"ocean_post_title_bg_overlay":0.5,"ocean_post_title_bg_overlay_color":"","ocean_disable_breadcrumbs":"default","ocean_breadcrumbs_color":"","ocean_breadcrumbs_separator_color":"","ocean_breadcrumbs_links_color":"","ocean_breadcrumbs_links_hover_color":"","ocean_display_footer_widgets":"default","ocean_display_footer_bottom":"default","ocean_custom_footer_template":"0","footnotes":""},"class_list":["post-2403","page","type-page","status-publish","hentry","entry"],"_links":{"self":[{"href":"https:\/\/owin6g.eu\/index.php?rest_route=\/wp\/v2\/pages\/2403","targetHints":{"allow":["GET"]}}],"collection":[{"href":"https:\/\/owin6g.eu\/index.php?rest_route=\/wp\/v2\/pages"}],"about":[{"href":"https:\/\/owin6g.eu\/index.php?rest_route=\/wp\/v2\/types\/page"}],"author":[{"embeddable":true,"href":"https:\/\/owin6g.eu\/index.php?rest_route=\/wp\/v2\/users\/2"}],"replies":[{"embeddable":true,"href":"https:\/\/owin6g.eu\/index.php?rest_route=%2Fwp%2Fv2%2Fcomments&post=2403"}],"version-history":[{"count":34,"href":"https:\/\/owin6g.eu\/index.php?rest_route=\/wp\/v2\/pages\/2403\/revisions"}],"predecessor-version":[{"id":2871,"href":"https:\/\/owin6g.eu\/index.php?rest_route=\/wp\/v2\/pages\/2403\/revisions\/2871"}],"up":[{"embeddable":true,"href":"https:\/\/owin6g.eu\/index.php?rest_route=\/wp\/v2\/pages\/294"}],"wp:attachment":[{"href":"https:\/\/owin6g.eu\/index.php?rest_route=%2Fwp%2Fv2%2Fmedia&parent=2403"}],"curies":[{"name":"wp","href":"https:\/\/api.w.org\/{rel}","templated":true}]}}